2*v - 3*i - 33, -3*i + 9 = 0. Calculate the highest common factor of v and 70.
14
Let s(q) = -5*q + 13. Let v be s(-15). What is the greatest common factor of 8 and v?
8
Let q(o) = o + 5. Let b(a) = -1. Let y(i) = 5*b(i) + q(i). Suppose 3*h - 12 = h. Let s be y(h). Calculate the highest common factor of 54 and s.
6
Let u(k) be the second derivative of 1/20*k**5 + 0 + 6*k**2 - 5/3*k**3 + 3/4*k**4 - 3*k. Let o be u(-10). What is the greatest common factor of o and 120?
12
Let o(p) = -10*p**3 - p - 1. Let g be o(-1). Let l be ((-72)/20)/((-3)/g). Let u(y) = y - 11. Let b be u(l). What is the highest common factor of 9 and b?
1
Suppose -o + 3*n - 3 = n, 3 = -5*o + 4*n. Let y be (o*6)/(-3) - -12. Calculate the greatest common divisor of 15 and y.
5
Suppose 2*r - 4*y - 34 = 0, 2*y = -0*r + 2*r - 26. Suppose -r*x = -8*x - 52. What is the highest common divisor of x and 13?
13
Let z = 3 - -6. Calculate the highest common divisor of z and 63.
9
Suppose 5*q = 77 - 22. What is the highest common divisor of 44 and q?
11
Let l(r) = r**3 + 6*r**2 - 6*r + 30. Let c be l(-7). Calculate the greatest common divisor of 161 and c.
23
Suppose -4*f = 12, -2*v - 3*v - f - 3 = 0. Suppose q + v = 15. What is the greatest common factor of 45 and q?
15
Let s be (-6)/9 + 2155/15. Let u be (-1)/(3/(-6) + 0). Suppose 0*m + 26 = u*m. Calculate the highest common divisor of s and m.
13
Let b = 5 - 8. Let h = 5 - b. Calculate the highest common factor of h and 1.
1
Suppose -6*w - 21 = -7*w. Calculate the highest common divisor of 14 and w.
7
Let i be 8/(80/(-1675))*12/(-10). Calculate the highest common factor of i and 134.
67
Let x be 12/27*3*60. Let d(l) = -l**3 + 7*l**2 + 3*l - 5. Let m be d(7). Calculate the highest common factor of m and x.
16
Let o be 10/8*1/((-1)/(-8)). What is the highest common factor of 120 and o?
10
Let j(i) be the first derivative of i**4/4 + 2*i**3 - 4*i**2 + 8*i + 6. Let s be j(-7). Calculate the greatest common factor of 6 and s.
3
Let o = -3 - -7. Let z be (9 - -3)*44/6. Suppose 3*i = 4*v + 5*i - z, -4*v = i - 84. What is the highest common divisor of v and o?
4
Let y(a) = -2*a**3 - 7*a**2 - 6*a - 2. Let m be y(-4). Let w = -20 + m. Calculate the greatest common factor of w and 162.
18
Let t be 2 - (-1 - -1) - -5. Let u be ((-6)/8)/3 - (-394)/8. What is the highest common factor of t and u?
7
Let i be 4/10 + 98/5. What is the greatest common factor of 100 and i?
20
Suppose 2*v + 2*f - 4 = 0, 0*v + 16 = 4*v + 2*f. Calculate the highest common factor of 3 and v.
3
Let g(b) = 6*b + 34. Let s be g(6). Calculate the greatest common divisor of s and 7.
7
Let n = 8 - 2. Let c be (0*(-1)/2)/2. Suppose c = n*i - i - 65. What is the greatest common factor of i and 130?
13
Suppose -4*o = 27 - 87. Calculate the greatest common divisor of o and 135.
15
Suppose 12 = 5*j - 2*j. Suppose -3*d + 5 + 0 = -5*k, 26 = j*d + 3*k. Let n(u) = -3*u - 2. Let r be n(-4). Calculate the highest common factor of r and d.
5
Let d(w) = 2 + 6*w**2 + 5*w + 0 + 0*w**2 + w**3. Let k be d(-4). Calculate the greatest common divisor of 35 and k.
7
Let j be (-45)/2*16/(-3). Calculate the greatest common factor of 30 and j.
30
Let v be (154/42)/(2/6). Let o(z) = 2*z - 3. Let n be o(2). What is the highest common divisor of v and n?
1
Let o(g) = -3*g**3 - g**2 + 1. Let f be o(-2). Calculate the greatest common divisor of f and 3.
3
Suppose -7 = j - 4. Let u(h) = 2*h - 3. Let a be u(4). Let s = j + a. What is the greatest common factor of 2 and s?
2
Let a(i) = -2 + 2*i - 12*i - 2 + 0. Let s be a(-3). Let m be (-10)/(-5) + 1*s. What is the greatest common factor of m and 7?
7
Let s be 3/12*33*(-64)/(-12). Let j(i) = 2*i - 2. Let c be j(2). Suppose -3*z + c*z = -11. Calculate the highest common factor of z and s.
11
Suppose u = -0*u - 36. Let k be 8/6*u/(-8). Calculate the highest common factor of k and 15.
3
Suppose 4*o - o - 27 = 0. Let y = o - 0. What is the highest common divisor of y and 1?
1
Suppose -5*z + 176 = -4. Suppose 0 = j + 3*j - 2*n - z, -24 = -2*j - 2*n. Let s = 6 + j. What is the highest common factor of 4 and s?
4
Suppose m - 3*j - 419 = 0, 3*m + 2*j - 721 = 591. Suppose 4*r = 446 + m. What is the greatest common factor of 20 and r?
20
Let j = 9 + -5. Let i(m) = m**3 + 7*m**2 + m + 5. Let y be i(-7). Let f(k) = 2*k**2 + 2*k - 2. Let v be f(y). What is the highest common divisor of j and v?
2
Suppose 5*q - 3*h = h - 4, 2*q - h + 1 = 0. Let l be 10*2 - (q - 2). Calculate the highest common factor of 154 and l.
22
Suppose 42 = 2*u + 2*q - 0*q, -2*u = -q - 42. What is the highest common factor of u and 105?
21
Let c(n) = -n**3 - 10*n**2 + 9. Let j be c(-11). What is the greatest common divisor of 13 and j?
13
Let p be 24/(-15)*(-27 - 3). Calculate the greatest common divisor of p and 12.
12
Suppose 0 = -3*b + 270. Calculate the greatest common factor of b and 36.
18
Let w be 4/5*(0 + 5). Suppose 0 = -w*r - r + 50. Suppose -2*d + h + 10 = 0, d = -5*h + 3*h + r. Calculate the greatest common divisor of d and 30.
6
Let v = 9 - -12. Let j be 0 + (-7)/2*-6. Calculate the highest common factor of j and v.
21
Let g(v) = v - 9. Let m be g(11). Suppose y + 6 = m*y. Suppose 0 = -4*l + 4*r + 16, -26 = -4*l - 0*r + 2*r. What is the highest common divisor of y and l?
3
Suppose 5*o = l - 195, -2 = 3*o - 2*o. Suppose 2*p + f - l = 0, -3*f + 0*f - 165 = -2*p. Let x = 6 + 4. What is the highest common divisor of x and p?
10
Suppose 0 = 2*h - 3*h - 29. Let x = 56 + h. What is the greatest common divisor of x and 108?
27
Suppose -q + 0*q = -5*v + 36, -3*v - 7 = 2*q. Let p = q - -23. Calculate the greatest common factor of p and 108.
12
Let c(g) = -33*g**3 - g**2 - g - 1. Let i = 5 + -6. Let y be c(i). Suppose v + 5*a - 14 = 0, 0 = -v + a + 2. Calculate the highest common divisor of y and v.
4
Let f(a) = -a**3 + 11*a**2 - 6*a + 9. Let s be f(7). Suppose 2*c + 375 = 7*c. Let d = s - c. Calculate the highest common divisor of d and 11.
11
Let d be (-1)/(((-2)/4)/1). Suppose -d*g - 5 = -21. Suppose t = -t + 144. What is the highest common factor of g and t?
8
Suppose 4*f = 5*c + 90, -125 = -4*f + c - 27. Suppose 0 = x - 2*x - 4*y + 205, 4*x - 890 = -2*y. Calculate the greatest common factor of f and x.
25
Suppose 4 = -2*m, 4*w - 4*m = -6*m - 52. Let b be w/54 + 22/18. Calculate the greatest common divisor of b and 5.
1
Let q be (-3)/30*-4*25. Let d = q + 4. What is the highest common factor of d and 154?
14
Let p = -14 + 27. Calculate the highest common divisor of 143 and p.
13
Let y be -2*((-174)/(-4))/(-3). What is the greatest common divisor of y and 319?
29
Let o(i) = 37*i + 2. Let t(r) = 147*r + 8. Let n(z) = 9*o(z) - 2*t(z). Let u be n(3). Calculate the highest common divisor of u and 17.
17
Suppose 865 = 5*o + 110. Let v be o + (-4)/(-4) - -2. What is the greatest common factor of 14 and v?
14
Suppose -2*x = -0*q + 3*q - 258, 2*q = 4*x + 188. What is the highest common factor of q and 11?
11
Let r(z) = z - 6. Let w be r(6). Suppose 2*u - 36 = -w*u. Calculate the highest common factor of 6 and u.
6
Let z = -6 + 12. Let c(n) = 6*n - 7. Let v be c(z). Suppose 0 = 5*o + 10, 2*b + 3*b - 2*o - v = 0. Calculate the greatest common divisor of b and 1.
1
Let s(o) = 12*o - 5*o**2 - 8*o + 2*o**2 - 3 + 4*o**2. Let u be s(-6). What is the greatest common divisor of u and 1?
1
Let p(m) = 21*m - 41. Let u be p(3). What is the highest common factor of 176 and u?
22
Let c be 4*1*2/(-4). Let x be (c/(-8))/(5/20). What is the highest common factor of 5 and x?
1
Let n(f) = 8*f**2 - f - 10. Let i be n(2). Let a(y) = y + 8. Let m be a(0). What is the highest common divisor of i and m?
4
Let g(o) be the second derivative of -10*o**3/3 + 5*o**2 - 2*o. Let r be g(-7). What is the highest common factor of 15 and r?
15
Let l = -16 + 15. Let i = 4 - l. What is the highest common factor of 5 and i?
5
Suppose -3*r + 4*l + 160 = 0, -3*r - 2*l + 128 = 2*l. Calculate the highest common divisor of r and 12.
12
Let s be (26 + 4)/(-5) - -12. Suppose -5*p + 48 = -3*p. Calculate the greatest common factor of p and s.
6
Let o = 39 + -33. What is the greatest common factor of 66 and o?
6
Suppose 17*k - 2025 = 8*k. What is the highest common factor of 90 and k?
45
Let y(c) = -c**2 + 7*c + 1. Suppose -10 = -0*j - 2*j. Let v be